 + 14 - 2*u + 15*u. What is the units digit of x(9)?
7
Suppose 4*f + 5*x + 29 = 8*f, -5*x - 22 = 3*f. What is the tens digit of 38*-1*(f - 3)?
7
Suppose 5*q + 10 = -0*q. Let p be (q/(-3))/(2/3). What is the tens digit of (18 - 4) + p + 0?
1
Let n(j) = 275*j + 101. What is the units digit of n(8)?
1
Suppose -21*d + 34*d = 11479. What is the hundreds digit of d?
8
Let t = 206 + -68. Suppose h - 5*u + 0*u = 42, u = 5*h - t. What is the tens digit of h?
2
Let n be (-11 + 12)*0/(-1). Suppose 6 = -2*u + g + 4, n = -u + 4*g - 8. Suppose -3*a - a + 100 = u. What is the tens digit of a?
2
Let g = 91 + -17. Let s = -46 + g. What is the units digit of s?
8
Suppose f = 4*b - 9324, -2*f + 11642 = -11*b + 16*b. What is the thousands digit of b?
2
Let v(r) = -r**3 + 4*r**2 - 1. Let x be v(3). Suppose 0 = x*f - 265 + 49. What is the units digit of f?
7
Let j(b) = 6*b + 4 - 2*b - 6*b. Let n be j(-5). Let p = 15 - n. What is the units digit of p?
1
Suppose -5*j - 5 = -0*j, 3*j = -3*g + 237. Let l = g + -51. What is the units digit of l?
9
Let z = 0 + 3. Suppose -f + 3*d - z = 0, 3*d = 4*f + 5*d - 30. Suppose -f*g = -g - 5. What is the units digit of g?
1
Let d(z) = z**3 + 12*z**2 + 15*z + 24. Let p be d(-11). What is the tens digit of (1 - 2)/(p/4740)?
3
Let t = 19 - -7. Let y = t - 15. What is the units digit of y?
1
Let u = -249 - -251. Suppose -i = 3*z - 11, 3*i + i = 4*z - 36. Suppose z*m - 147 = -g, -3*g + 48 = u*m - 8*g. What is the tens digit of m?
2
Let d be (-6)/4 + 3656/16. Suppose 0 = -5*q - 4*p + 330, -4*q + d = -5*p + 4. What is the tens digit of q?
6
What is the units digit of 1*(-626)/(-2) - (-30 - -33)?
0
Let h(l) = -7*l - 6 + 2*l + 2*l + 15*l**2 - 8. What is the units digit of h(5)?
6
Let p(m) = 9*m**2 - 94*m + 7. What is the units digit of p(24)?
5
Suppose 3*g = -5*i + 5012, 1537 - 9877 = -5*g - 5*i. What is the hundreds digit of g?
6
Let s be -393*-3*(-2 - 34/(-18)). What is the tens digit of (-12)/(-3) + s/(-1)?
3
What is the tens digit of (-34380)/(-45) - (0 - 0)?
6
Let i be (-2 + -1)/(87/24 - 4). What is the tens digit of 1162/i - ((-36)/6)/(-24)?
4
Let h = -13 - -19. Let b be h/(-2 + (-44)/(-16)). Suppose -b*n = -5*n - 162. What is the tens digit of n?
5
Suppose 18 = -3*q - 0. Let y(a) = -a**2 - 6*a + 2. What is the units digit of y(q)?
2
Let p(m) be the third derivative of -m**4/3 + 7*m**3/2 - 13*m**2 + 3*m. What is the units digit of p(-11)?
9
Let i = -1297 + 1845. What is the hundreds digit of i?
5
Let r(v) = -17*v**3 - v**2 - v + 2. What is the tens digit of r(-3)?
5
Suppose 0*o + 429 = 3*o. What is the hundreds digit of o - (-1 - (-2*3 - -4))?
1
Suppose 2*c = -3*c. Let s(k) = 2*k**3 + 4*k + 2. Let u(d) = -3*d**3 - 5*d - 2. Let w(v) = 4*s(v) + 3*u(v). What is the units digit of w(c)?
2
Let h(u) = -63*u - 438. What is the units digit of h(-27)?
3
Let t(r) = -r**3 - 13*r**2 - 14*r - 11. Let l be t(-12). Let c = 18 - l. Suppose 4*u + 0*u - c*z - 56 = 0, 21 = u - 3*z. What is the units digit of u?
9
Let g be (-26)/12 - -2 - (-3059)/138. Let p(v) = v - 5. What is the units digit of p(g)?
7
Suppose -69 = 11*c - 2258. Suppose 4*p + 3*j = 6*p - c, 3*p + j = 293. What is the tens digit of p?
9
Let a(y) = 0 - 7*y**2 + 16*y**2 + 6 - 3*y**2 + 2*y. Let z be a(-4). Suppose 4*q - 5*v = 161, z = 2*q - 0*v + 2*v. What is the tens digit of q?
4
Suppose -132 = -3*a - 717. Let x be 1/(-5) - a/(-25). What is the tens digit of 4*(2 - 36/x)?
2
Suppose -4*k = 7 - 47. What is the tens digit of -2*(-355)/k + 3?
7
Let d(t) = -t**2 - 9*t - 1. Let k(n) = n**2 + n. Let l(g) = d(g) + 3*k(g). What is the units digit of l(-5)?
9
Let y be -28*(-1)/(-3) - 4/6. Let p(t) = t**3 + 9*t**2 - 13*t - 19. What is the units digit of p(y)?
1
Let z = 243 + 3393. What is the thousands digit of z?
3
Suppose 3*w - 40 = -2*w. Let p(k) = 1 - 3*k - k**2 + w*k + 2*k. What is the units digit of p(3)?
3
Let u be 120/144 - (-7609)/6. Suppose -285 = 3*o - u. What is the tens digit of o?
2
Let i(d) = -2*d**3 + 11*d**2 - d - 1. What is the tens digit of i(5)?
1
What is the units digit of (-17140)/(-50) - 1/(-5)?
3
Let v(c) = -c**2 + 5*c + 6. Let i be v(6). Suppose i*r - 15*r = -1380. What is the units digit of r?
2
Let m(x) = 2*x**3 - 9*x**2 + 16*x - 8. Let w be m(6). Suppose -4*j = -4*p - w, 5*j + 2*p - 352 = -79. What is the tens digit of j?
5
Let q be (20/6)/((-16)/(-264)). Let r = q + 19. What is the units digit of r?
4
Let b be 3/(18/8)*(-6)/4. What is the units digit of ((-5024)/12)/(-4) - b/6?
5
Let g(s) = -s**2 - 5*s - 2. Let j be g(6). What is the units digit of (-1 + 5)*(-3)/(-6) - j?
0
Let u(q) = 2*q**2 - 14*q + 54. What is the hundreds digit of u(15)?
2
Suppose 14*m - 18069 = 6067. What is the tens digit of m?
2
Suppose o + 4*o - 5 = 5*t, 2*t - o + 5 = 0. Let p be ((-144)/64)/(3/t). Suppose -5*u + 5*q = -17 - 43, -p*q + 55 = 4*u. What is the units digit of u?
3
What is the hundreds digit of 8 + (2 - 8112/(-3))?
7
Let w = 230 + -60. Suppose -d - w = -6*d. What is the units digit of d?
4
Let y(b) = -7*b**2 + 8*b + 10. Let p(a) be the first derivative of -2*a**3 + 4*a**2 + 9*a - 7. Let i(k) = 6*p(k) - 5*y(k). What is the units digit of i(8)?
4
Suppose 5*s = 2*s + 3. What is the units digit of s - (3 + -3 - 54)?
5
What is the hundreds digit of 4148 - ((-42)/6 + 9)?
1
Let q = 8 - 31. Let u(d) = 5*d**2 + 16*d + 11. Let y be u(-5). Let s = y + q. What is the units digit of s?
3
Let n be -1 + (0 - -2) - 1. Suppose j - 3 - 4 = n. Suppose -11*o + j*o = -120. What is the tens digit of o?
3
Let q(o) be the second derivative of o**4/12 - o**3/2 + 2*o**2 + 7*o. Let r be q(3). What is the units digit of 31 - r*4/8?
9
Let l be 13/3 - 7/21. Let q(j) = 6*j + 3. Let t be q(l). What is the units digit of (-490)/(-18) + (-6)/t?
7
Suppose -7*g + 3*g - 4 = 0, 4*i - 73 = -3*g. What is the tens digit of i?
1
Let g(b) = -b - 14. Let c(k) = -k - 7. Let u be c(9). What is the units digit of g(u)?
2
Let y be (5/3)/(3/9). Suppose x = y*r + 114, -410 = -4*x + x - 2*r. What is the units digit of x?
4
Suppose -5*d = -3*z + 4, 3*d - 6 = -3*z + 6*d. Suppose -2*k = -3 - 1. Suppose -z*v - 102 = -4*h - v, 3*h = k*v + 78. What is the units digit of h?
4
What is the units digit of 7524/20 - 3/15?
6
Let y(d) = 58*d - 4. Let c(f) = -19*f + 1. Let x(r) = 11*c(r) + 4*y(r). What is the tens digit of x(6)?
3
Suppose 2*d = 4*o - d - 13438, 3351 = o - 5*d. What is the hundreds digit of o?
3
What is the thousands digit of -5 - (0 - (-24)/(-4) - 1298)?
1
Suppose -4*f - 3*n - 2 = 0, -2*f - 3*n = -4*f + 8. Let t(h) = 10*h**3 - 3*h + 2. Let m be t(f). Suppose -14*z + 225 = -m*z. What is the tens digit of z?
4
Let v = 19 + -16. Suppose 0 = -v*w + 2*w. Suppose w = b + 4*b - 65. What is the units digit of b?
3
Suppose -399 = -8*z + 7*z. Suppose -2*u = u - z. What is the tens digit of u?
3
Suppose -574 = -f - 9*g + 4*g, -5*g + 1722 = 3*f. Suppose 5*l - a - 727 = 0, 4*l - f = -4*a + a. What is the tens digit of l?
4
Suppose -2*q = 5*y + 41, -y = 2*q + y + 26. What is the tens digit of 1566/22 - q/(-44)?
7
Suppose 301 = z - 2*f, -3*z + 3*f + 290 = -613. What is the units digit of z?
1
Suppose 0 = 13*m - 21*m - 56. Let t(f) = 13 - 3*f**2 + 11*f**2 + 5*f + f**3 - 2. What is the tens digit of t(m)?
2
Suppose -c + 1610 = 183. Suppose -c = -7*j - 97. What is the units digit of j?
0
Let m(p) = 231*p + 1017. What is the units digit of m(14)?
1
Let h(z) = -63*z**3 + 3*z - 4. Let b(t) = t**3 + t - 1. Let f(j) = -4*b(j) + h(j). What is the tens digit of f(-1)?
6
What is the hundreds digit of (-56)/252 + 5015/9?
5
Suppose 3*v + 66 = n - v, 4*n - 3*v - 329 = 0. Suppose 4*t + 350 - n = 0. What is the tens digit of (2 + 5)*t/(-21)?
2
Suppose -8*v + 1273 = -47. What is the tens digit of v?
6
Let m = 33 - 30. Suppose m*i + 9*i = 2052. What is the hundreds digit of i?
1
Let f be 21/(-35)*(0 + -5). What is the hundreds digit of ((-39)/2 + f)*-14?
2
Let g = 56 + -40. Let a be ((-6)/(-10))/(11/(-165)). Let v = g - a. What is the units digit of v?
5
Let z be (12/2)/(12/(-8)). What is the tens digit of (2/z)/1 - 2043/(-18)?
1
Suppose 0 = -4*g + 7*g - 6. Let b(a) = 4*a**g - 2*a**2 + 38 - 30 + 3*a. What is the units digit of b(-5)?
3
Let y = 381 + -188. Let s = -137 + y. What is the tens digit of s?
5
What is the hundreds digit of (-24)/(-18) + 4 + 3716/12?